
70
Calculate the highest common divisor of 4182 and 984.
246
Calculate the highest common divisor of 1216 and 4484.
76
Calculate the greatest common divisor of 23 and 11.
1
Calculate the highest common divisor of 180 and 72.
36
What is the highest common factor of 88 and 968?
88
Calculate the greatest common divisor of 140 and 540.
20
What is the highest common factor of 12 and 580?
4
What is the highest common factor of 3664 and 16?
16
Calculate the greatest common factor of 1134 and 42.
42
What is the highest common divisor of 8 and 2844?
4
What is the highest common factor of 65 and 312?
13
What is the highest common divisor of 18 and 84?
6
What is the highest common divisor of 484 and 1815?
121
Calculate the highest common divisor of 11259 and 9.
9
Calculate the greatest common divisor of 6726 and 24.
6
Calculate the highest common factor of 160 and 2080.
160
What is the greatest common divisor of 348 and 96?
12
Calculate the highest common divisor of 52 and 702.
26
Calculate the greatest common divisor of 26490 and 60.
30
What is the greatest common factor of 418 and 38?
38
Calculate the greatest common factor of 782 and 69.
23
Calculate the highest common divisor of 31 and 31.
31
Calculate the greatest common factor of 3456 and 18.
18
What is the highest common factor of 2055 and 2192?
137
What is the greatest common divisor of 70 and 110?
10
Calculate the highest common divisor of 33 and 11.
11
Calculate the highest common factor of 9 and 6033.
3
Calculate the highest common factor of 81 and 16308.
27
Calculate the greatest common divisor of 22 and 506.
22
What is the highest common factor of 135 and 19170?
135
What is the highest common factor of 2291 and 29?
29
Calculate the greatest common divisor of 1463 and 38.
19
Calculate the highest common factor of 312 and 221.
13
Calculate the highest common divisor of 10 and 1040.
10
Calculate the highest common divisor of 44 and 220.
44
Calculate the highest common divisor of 55 and 1760.
55
What is the greatest common divisor of 8 and 248?
8
Calculate the highest common divisor of 80 and 96.
16
What is the greatest common factor of 400 and 208?
16
What is the greatest common factor of 1520 and 48?
16
Calculate the greatest common divisor of 795 and 53.
53
What is the highest common divisor of 90 and 13185?
45
What is the highest common divisor of 96 and 57?
3
Calculate the highest common divisor of 31504 and 352.
176
What is the highest common divisor of 4452 and 210?
42
What is the highest common factor of 4 and 386?
2
Calculate the highest common divisor of 3 and 30.
3
What is the greatest common divisor of 5 and 13?
1
What is the highest common divisor of 26 and 41158?
26
Calculate the greatest common divisor of 10626 and 330.
66
Calculate the highest common divisor of 4 and 128.
4
Calculate the highest common factor of 88 and 2552.
88
Calculate the highest common divisor of 5165 and 5.
5
What is the greatest common divisor of 140 and 287?
7
What is the highest common divisor of 33 and 407?
11
Calculate the greatest common factor of 30 and 670.
10
Calculate the highest common divisor of 518 and 14.
14
What is the highest common factor of 2565 and 1520?
95
What is the highest common divisor of 96 and 156?
12
What is the greatest common factor of 129 and 6?
3
Calculate the highest common factor of 7 and 196.
7
What is the highest common factor of 33 and 1551?
33
Calculate the greatest common factor of 78 and 6916.
26
What is the highest common divisor of 78 and 663?
39
Calculate the highest common factor of 324 and 32.
4
Calculate the highest common factor of 364 and 196.
28
What is the highest common factor of 175 and 8995?
35
Calculate the highest common factor of 178 and 29637.
89
What is the highest common divisor of 102 and 24?
6
Calculate the greatest common factor of 27 and 54.
27
What is the highest common factor of 120 and 570?
30
What is the greatest common divisor of 14 and 1680?
14
What is the greatest common factor of 18 and 117?
9
What is the highest common divisor of 96 and 456?
24
What is the highest common factor of 343 and 21?
7
What is the greatest common divisor of 1020 and 180?
60
Calculate the greatest common factor of 11 and 297.
11
Calculate the greatest common divisor of 176 and 220.
44
Calculate the greatest common divisor of 82 and 943.
41
What is the greatest common factor of 99 and 549?
9
Calculate the highest common divisor of 21622 and 76.
38
Calculate the greatest common factor of 42 and 162.
6
What is the highest common divisor of 90 and 36?
18
Calculate the greatest common factor of 259 and 8362.
37
What is the greatest common factor of 4266 and 9?
9
What is the greatest common divisor of 4476 and 12?
12
Calculate the greatest common factor of 160 and 10256.
16
Calculate the greatest common divisor of 14606 and 545.
109
Calculate the highest common divisor of 22444 and 124.
124
Calculate the greatest common factor of 3 and 3315.
3
What is the greatest common factor of 855 and 665?
95
What is the highest common factor of 8 and 200?
8
What is the greatest common divisor of 2848 and 32?
32
What is the highest common factor of 226 and 113?
113
What is the highest common factor of 2142 and 952?
238
What is the greatest common factor of 2187 and 81?
81
Calculate the highest common divisor of 1292 and 4.
4
What is the greatest common divisor of 2033 and 1177?
107
What is the greatest common factor of 976 and 32?
16
What is the highest common factor of 72 and 28?
4
What is the greatest common divisor of 1983 and 6?
3
Calculate the highest common divisor of 462 and 14406.
42
What is the highest common divisor of 14 and 21?
7
Calculate the highest common factor of 74 and 4.
2
What is the greatest common divisor of 2 and 7?
1
Calculate the highest common factor of 1414 and 154.
14
Calculate the greatest common divisor of 220 and 5500.
220
What is the highest common factor of 273 and 42?
21
What is the highest common factor of 34 and 202?
2
Calculate the greatest common divisor of 183 and 305.
61
Calculate the highest common divisor of 112 and 2023.
7
Calculate the highest common factor of 4 and 4652.
4
Calculate the greatest common divisor of 5528 and 16.
8
Calculate the highest common divisor of 18 and 144.
18
Calculate the highest common factor of 441 and 98.
49
What is the greatest common divisor of 4104 and 152?
152
What is the highest common divisor of 155 and 5?
5
What is the greatest common factor of 50673 and 57?
57
Calculate the highest common divisor of 26 and 26.
26
What is the highest common factor of 1370 and 40?
10
What is the greatest common factor of 41 and 4223?
41
Calculate the greatest common factor of 14 and 6.
2
Calculate the highest common factor of 35445 and 834.
417
Calculate the greatest common factor of 9 and 45.
9
What is the highest common factor of 10396 and 1243?
113
What is the greatest common factor of 5 and 295?
5
Calculate the greatest common factor of 460 and 20.
20
What is the highest common divisor of 24 and 33?
3
What is the greatest common factor of 2691 and 4347?
207
What is the highest common factor of 9 and 6273?
9
What is the greatest common factor of 21 and 228?
3
Calculate the highest common divisor of 3395 and 315.
35
What is the highest common divisor of 40 and 255?
5
What is the highest common factor of 32 and 1296?
16
What is the highest common divisor of 204 and 12?
12
Calculate the highest common factor of 4779 and 324.
81
Calculate the greatest common divisor of 6751 and 785.
157
What is the highest common divisor of 425 and 100?
25
What is the highest common divisor of 6136 and 26?
26
Calculate the highest common factor of 72 and 9513.
9
Calculate the highest common divisor of 22 and 3454.
22
What is the highest common factor of 988 and 304?
76
What is the greatest common divisor of 432 and 444?
12
Calculate the highest common divisor of 11 and 649.
11
What is the greatest common divisor of 774 and 36?
18
Calculate the highest common factor of 116 and 12934.
58
Calculate the greatest common factor of 37 and 12691.
37
What is the highest common factor of 1261 and 13?
13
Calculate the highest common divisor of 775 and 50.
25
What is the greatest common divisor of 70 and 112?
14
What is the greatest common facto